2 - g - 17*g**3 + 0*g**2. What are the prime factors of t(-1)?
17
Let c(m) be the first derivative of -m**5/20 - 2*m**4/3 + 9*m**2/2 + 4*m - 1. Let n(f) be the first derivative of c(f). What are the prime factors of n(-8)?
3
Suppose -b + 2320 = 9*b. What are the prime factors of b?
2, 29
Suppose 4*s = 6 + 6. Suppose 2*j = s*j - 3. Suppose -j*g + 4*m + m = -21, -7 = g + 3*m. List the prime factors of g.
2
Let v(a) = 2*a - 5. List the prime factors of v(18).
31
Let r = 80 - 26. Suppose 18*g - 21*g + r = 0. List the prime factors of g.
2, 3
Let z(y) = y**3 - 6*y**2 - 6*y - 1. Let x be z(7). Let d(v) = x*v + 19 - 5*v + 0*v. List the prime factors of d(-11).
2
Let u(h) = -2*h - 2. Suppose 4*b = 2*x + 2, -5*x - 3*b - 18 = -0*x. What are the prime factors of u(x)?
2
Suppose 3*v - 3 = 0, 0*x - 8 = -x - v. Let f(b) = b**2 - 8*b + 7. Let r be f(x). Suppose r = -n + 13 - 3. List the prime factors of n.
2, 5
Suppose 48 = 7*i - 2*i + 4*m, -m - 6 = -i. List the prime factors of i.
2
Suppose 5*k = 3*r + 214, -k = 2*r - 3*r - 42. List the prime factors of k.
2, 11
Suppose 7*p + 262 = 1165. What are the prime factors of p?
3, 43
Suppose 472 = 5*l + 192. What are the prime factors of (-12)/(-30) - l/(-10)?
2, 3
Let a = -5 + 5. Suppose x - 2 = -a*x. Suppose -x*p - 2*p = -44. What are the prime factors of p?
11
Let z(o) = o**3 - 4*o**2 - 1. Let t be z(4). Let y = t + 52. What are the prime factors of y?
3, 17
Let w be 1/(-4) + (-63)/(-12). Suppose w*s = -0*s + 135. What are the prime factors of s?
3
Let d(o) = -11*o - 4. List the prime factors of d(-2).
2, 3
Suppose 138 = 4*k + 2*w, -2*k + 3*w - 173 = -7*k. List the prime factors of k.
2, 17
Suppose 3*n + 12 = -0*n. Let i be 2/n + 68/8. What are the prime factors of ((-3)/(-6)*i)/1?
2
Let s be 31/((-3 - -1)/(-4)). Let c = s - 39. What are the prime factors of c?
23
Let k(g) = 6*g**2 + 3*g + 1. Let n be k(-3). Suppose a = -a + n. List the prime factors of a.
23
Suppose -156 = -2*m + 32. What are the prime factors of m?
2, 47
Suppose -i = -14 - 13. Let s = i - 5. List the prime factors of s.
2, 11
Let g = -14 + 6. Let v = 18 + g. What are the prime factors of v?
2, 5
Let y(h) = h**2 - 18. List the prime factors of y(-8).
2, 23
Let m(a) = 25*a + 20. What are the prime factors of m(5)?
5, 29
Let r be (-4)/(-6) - 26/(-6). Let z(d) = 2*d. Let c(p) = -2*p - 1. Let m(n) = -6*c(n) - 5*z(n). What are the prime factors of m(r)?
2
Let n(a) = 6*a**2 - 22*a + 5. What are the prime factors of n(6)?
89
Suppose -l - 4 = l. Let q(z) = z**3 - 3*z + 1 - 2*z**3 - 2*z**2 - 3. List the prime factors of q(l).
2
Let u be (-300)/(-21) - (-6)/(-21). List the prime factors of u/((2 - 2) + 2).
7
Let r(q) = -q**3 - 6*q**2 - 2*q - 5. Let u = 2 - 2. Suppose u = 4*j + 5 + 19. What are the prime factors of r(j)?
7
Suppose 50 + 11 = l. List the prime factors of l.
61
Suppose -5*f = 3*o - 88, 2*o - 126 = -3*o + 2*f. List the prime factors of o.
2, 13
Let s(p) = p**2 + p - 6. Let j be s(0). Let l be (3/j)/(2/(-52)). Suppose -3*u + 0 - 1 = y, -5*y + l = -3*u. List the prime factors of y.
2
Suppose 0*f + 32 = 2*f + 3*g, 63 = 5*f - g. What are the prime factors of f?
13
Suppose 0 = -3*p + t + 166, 3*p - 2*t - 161 = -0*p. Suppose 5*j + p - 332 = 0. What are the prime factors of j?
5, 11
Let x = -110 - -259. What are the prime factors of x?
149
Suppose 0*g - 4*g + 313 = -5*k, 3*k = -g + 57. List the prime factors of g.
2, 3
Suppose 6*i = 3*i + 411. What are the prime factors of i?
137
Let v = 15 - -55. What are the prime factors of v?
2, 5, 7
List the prime factors of 4/(-18) - (14189/(-63) + -6).
3, 7, 11
Suppose 232 + 176 = 6*o. What are the prime factors of o?
2, 17
What are the prime factors of (-896)/(-18) - (-4)/18?
2, 5
Let a(s) = -s - 3. Let k be a(-3). Let o be k/(-3) + (-13)/(-1). Suppose -2*n - m + o = -2*m, -m = -5. List the prime factors of n.
3
Let m(s) = -5 + 19 - 4*s**2 - 3*s**3 + 2*s**3 - s + 3*s**2. Let d be m(0). Suppose -l + d = -5. List the prime factors of l.
19
Suppose -19 = r + 3*q, 4*r - q + 11 = -0*q. Let o(s) = -s**3 - 2*s**2 + 2*s - 3. List the prime factors of o(r).
3, 7
Let d(l) = -l**3 + 24*l**2 - 8*l + 63. List the prime factors of d(23).
2, 3, 17
Let c = 112 - 40. List the prime factors of ((-2)/4)/((-3)/c).
2, 3
Let t(w) = 13*w - 2. Let k(p) = -p + 1. Let n(b) = -3*k(b) - t(b). Let g be 15/25 - (-13)/(-5). List the prime factors of n(g).
19
Suppose 0 = -5*l + 2*r + 75, 2*l - 4*r - 30 = -0*r. Suppose 3*s = -2*s + l. Suppose s*u = -u + 28. List the prime factors of u.
7
Suppose 5*o - 14 - 47 = 4*z, 5*z - 31 = -2*o. Let n = o - -3. Let i = n - 10. List the prime factors of i.
2, 3
Suppose 62 - 266 = -2*u. List the prime factors of u.
2, 3, 17
What are the prime factors of (2/(6/(-9)))/(6/(-264))?
2, 3, 11
Suppose -v - 9 = -39. List the prime factors of v.
2, 3, 5
Let f = -56 - -144. What are the prime factors of f?
2, 11
Let l = 22 + -2. What are the prime factors of l?
2, 5
Suppose -5*h + 2*h = 0. Suppose 4*z - 5*v - 66 = 32, h = -5*z + v + 133. List the prime factors of z.
3
Let c = 5 + 0. Suppose c*j - 5*q = 35, -j + 2*q = -2*j - 2. List the prime factors of j.
2
Suppose 0 = 4*o - 6 - 6. What are the prime factors of o*(1 - 64/(-12))?
19
Suppose -4*p + 44 = -0*p. Suppose -3*j - p - 2 = -5*l, -3*j - 2*l = -22. Suppose 3*s - 33 = o - 0, j*s - 4*o = 36. What are the prime factors of s?
2, 3
Let d(k) be the third derivative of -k**4/8 - 3*k**3/2 - 3*k**2. List the prime factors of d(-8).
3, 5
Let i = 4 + -1. Suppose -i*s - 1 + 4 = 0. List the prime factors of s*4 - -2*1.
2, 3
Let s(z) = z - 1. Let y(d) = -d**3 + 6*d**2 - 2*d - 5. Let x(o) = -3*s(o) - y(o). Let p be x(6). Suppose q - p*q + 9 = 0. What are the prime factors of q?
3
Let w(c) = -c**2 + 11*c - 2. Let a be w(11). What are the prime factors of (3/9)/(a/(-18))?
3
Suppose 2*d + 2*d - 324 = 0. Let o = d + -57. Suppose 0*i = 2*i - o. List the prime factors of i.
2, 3
List the prime factors of 344/24 + (-4)/(-6).
3, 5
Let v be (-90)/(-11) + 2/(-11). Suppose -2*n + v = 2*n. Suppose n*k - 6 = -3*m, m + 0*m + 3 = k. List the prime factors of k.
3
Let w(d) = -2*d - 5. Let f(t) = -t**2 + t. Let o be f(3). List the prime factors of w(o).
7
Let u(h) = -2*h**2 + 46*h - 25. What are the prime factors of u(20)?
5, 19
Suppose 5*r = 5*z - 55, 2*r = 7*r + z + 25. Let v be (5/15)/(2/r). Let t = 12 + v. List the prime factors of t.
11
Let o(z) = -z**2 - 19*z**3 - 3*z**3 - z + 0*z**2. List the prime factors of o(-1).
2, 11
Let v be (-2)/5 + 4/10. Suppose 3*a + q - 70 = -v*a, 0 = -a - 4*q + 16. List the prime factors of (a/(-20))/(2/(-5)).
3
Let c(k) = -4*k**2 + 3*k - 6. Let p(l) = -11*l**2 + 8*l - 18. Let i(v) = 8*c(v) - 3*p(v). List the prime factors of i(0).
2, 3
Let j = -7 - -32. List the prime factors of j.
5
Suppose -68 = -s + 2*w, s - 4*w + 3*w - 68 = 0. List the prime factors of s.
2, 17
Suppose -o - 4*x = -8*x - 27, 4*o = 4*x + 48. List the prime factors of o*(0 + (2 - 0)).
2, 7
Let l(g) = 3*g + 22. List the prime factors of l(0).
2, 11
Let r = 10 + -8. Suppose r*f - 18 = -f + 4*c, 6 = f - 2*c. What are the prime factors of f?
2, 3
Suppose -3*r = -4*r. Suppose 3*m - m - 32 = r. What are the prime factors of m?
2
Suppose 2*r - 78 = -4*r. List the prime factors of r.
13
Let n(c) = 3*c**2 - c - 1. What are the prime factors of n(-6)?
113
Suppose 0 = -a - 0*a - 4, -5*a = -4*t + 36. Let i = t + -1. What are the prime factors of i?
3
Let i be (-24)/10 - 6/10. Let o(a) = 5*a**2 + 0*a + 2*a - 1 + a**3 + a. What are the prime factors of o(i)?
2
Let m be 1/(1/(-42)*-3). Let l = m - -5. What are the prime factors of l?
19
What are the prime factors of 3*(-184)/(-36)*3?
2, 23
Let p = -25 - -37. List the prime factors of p.
2, 3
Let r(w) = w**3 + 2*w**2 - 3*w + 1. Let n be r(-3). Suppose -n = 3*q + 8, 0 = -5*p + 3*q + 49. List the prime factors of (-12)/p - (-30)/4.
2, 3
List the prime factors of 724/16 - (-3)/4.
2, 23
Let q be 0/(-3 + (-12)/(-3)). Suppose 2*l - 10 = -4*x, q*x = 4*l + 3*x - 35. What are the prime factors of l?
11
What are the prime factors of (2 - (-12)/(-8))/((-3)/(-324))?
2, 3
Let o = 53 + -39. List the prime factors of o.
2, 7
List the prime factors of (225/(-10) + -1)*-4.
2, 47
Suppose 0*l = l - 96. What are the prime factors of l/7 + 4/14?
2, 7
Let c(y) = 17*y**3 